{"id":177,"date":"2015-12-18T15:52:22","date_gmt":"2015-12-18T14:52:22","guid":{"rendered":"http:\/\/localhost:8080\/wordpress\/?page_id=177"},"modified":"2026-04-15T18:59:23","modified_gmt":"2026-04-15T16:59:23","slug":"anciens-programmes","status":"publish","type":"page","link":"https:\/\/sentiers05.fr\/index.php\/programmes-des-sorties\/anciens-programmes\/","title":{"rendered":"Anciens programmes"},"content":{"rendered":"\n<p><a href=\"https:\/\/sentiers05.fr\/wp-content\/uploads\/2026\/01\/Programme T1 2026.pdf\">Programme 1er trimestre 2026<\/a><\/p>\n\n\n\n<p><a href=\"https:\/\/sentiers05.fr\/wp-content\/uploads\/2025\/10\/Programme 4i\u00e8me trimestre 2025.pdf\">Programme 4\u00e8me trimestre 2025<\/a><\/p>\n\n\n\n<p><a href=\"https:\/\/sentiers05.fr\/wp-content\/uploads\/2025\/07\/Programme T3 2025.pdf\">Programme 3\u00e8me Trimestre 2025<\/a><\/p>\n\n\n\n<p><a href=\"https:\/\/sentiers05.fr\/wp-content\/uploads\/2025\/04\/Programme T2 2025.pdf\">Programme 2\u00e8me trimestre 2025<\/a><\/p>\n\n\n\n<p><a href=\"https:\/\/sentiers05.fr\/wp-content\/uploads\/2025\/01\/Programme T1  2025.pdf\">Programme 1er trimestre 2025<\/a><\/p>\n\n\n\n<p><a href=\"https:\/\/sentiers05.fr\/wp-content\/uploads\/2024\/09\/Programme-4eme-trimestre-2024.pdf\">Programme 4\u00e8me trimestre 2024<\/a><\/p>\n\n\n\n<p><a href=\"https:\/\/sentiers05.fr\/wp-content\/uploads\/2024\/06\/Programme-3eme-Trimestre-2024.pdf\">Programme 3\u00e8me trimestre 2024<\/a><\/p>\n\n\n\n<p><a href=\"https:\/\/sentiers05.fr\/wp-content\/uploads\/2024\/04\/Programme-2eme-Trimestre-2024.pdf\">Programme 2\u00e8me trimestre 2024<\/a><\/p>\n\n\n\n<p><a href=\"https:\/\/sentiers05.fr\/wp-content\/uploads\/2015\/12\/Programme-1er-Trimestre-2024.pdf\">Programme 1er trimestre 2024<\/a><\/p>\n\n\n\n<p><a href=\"https:\/\/sentiers05.fr\/wp-content\/uploads\/2015\/12\/Programme-4\u00e8me-trimestre-2023.pdf\">Programme 4\u00e8me trimestre 2023<\/a><\/p>\n\n\n\n<p><a href=\"https:\/\/sentiers05.fr\/wp-content\/uploads\/2015\/12\/Programme-3\u00e8me-trimestre-2023.pdf\">Programme 3\u00e8me trimestre 2023<\/a><\/p>\n\n\n\n<p><a href=\"https:\/\/sentiers05.fr\/wp-content\/uploads\/2015\/12\/Programme-2\u00e8me-trimestre-2023.pdf\">Programme 2\u00e8me trimestre 2023<\/a><\/p>\n\n\n\n<p><a href=\"https:\/\/sentiers05.fr\/wp-content\/uploads\/2015\/12\/Programme-1er-trimestre-2023.pdf\" target=\"_blank\" rel=\"noopener\">Programme 1er trimestre 2023<\/a><\/p>\n\n\n\n<p><a href=\"https:\/\/sentiers05.fr\/wp-content\/uploads\/2015\/12\/Programme-du-4\u00e8me-trimestre-2022.pdf\">Programme du 4\u00e8me trimestre 2022<\/a><\/p>\n\n\n\n<p><a href=\"https:\/\/sentiers05.fr\/wp-content\/uploads\/2022\/07\/Programme-du-3\u00e8me-Trimestre-2022.pdf\">Programme du 3\u00e8me Trimestre 2022<\/a><\/p>\n\n\n\n<p><a href=\"https:\/\/sentiers05.fr\/wp-content\/uploads\/2015\/12\/Programme-Randos-2\u00e8me-trimestre-2022.pdf\">Programme 2\u00e8me trimestre 2022<\/a><\/p>\n\n\n\n<p><a href=\"https:\/\/sentiers05.fr\/wp-content\/uploads\/2015\/12\/Programme-du-1er-trimestre-2022.pdf\">Programme du 1er trimestre 2022<\/a><\/p>\n\n\n\n<p><a href=\"https:\/\/sentiers05.fr\/wp-content\/uploads\/2015\/12\/Programme-du-4\u00e8me-trimestre-2021.pdf\">Programme du 4\u00e8me trimestre 2021<\/a><\/p>\n\n\n\n<p><a href=\"https:\/\/sentiers05.fr\/wp-content\/uploads\/2021\/07\/Programme-du-3\u00e8me-trimestre-2021.pdf\">Programme du 3\u00e8me trimestre 2021<\/a><\/p>\n\n\n\n<p><a href=\"https:\/\/sentiers05.fr\/wp-content\/uploads\/2021\/03\/Programme-du-2\u00e8me-trimestre-2021.pdf\">Programme du 2\u00e8me trimestre 2021<\/a><\/p>\n\n\n\n<p><a href=\"https:\/\/sentiers05.fr\/wp-content\/uploads\/2015\/12\/Sentiers05_PG-1er-Trimestre-2021.pdf\">Programme du 1er trimestre 2021<\/a><\/p>\n\n\n\n<p><a href=\"https:\/\/sentiers05.fr\/wp-content\/uploads\/2015\/12\/Programme-du-4\u00e8me-trimestre-2020.pdf\">Programme du 4\u00e8me trimestre 2020<\/a><\/p>\n\n\n\n<p><a href=\"https:\/\/sentiers05.fr\/wp-content\/uploads\/2015\/12\/SENTIERS-05_3T2020.pdf\">Programme du 3\u00e8me trimestre 2020<\/a><\/p>\n\n\n\n<p><a href=\"https:\/\/sentiers05.fr\/wp-content\/uploads\/2015\/12\/2t-2020-Sentiers-05_PG.pdf\">Programme du 2\u00e8me trimestre 2020<\/a><\/p>\n\n\n\n<p><a href=\"https:\/\/sentiers05.fr\/wp-content\/uploads\/2019\/12\/Sentiers-05_PG-1T2020.pdf\">Programme du 1er trimestre 2020<\/a><\/p>\n\n\n\n<p><a href=\"https:\/\/sentiers05.fr\/wp-content\/uploads\/2015\/12\/Programme-du-4\u00e8me-trimestre-2019.pdf\">Programme du 4\u00e8me trimestre 2019<\/a><\/p>\n\n\n\n<p><a href=\"https:\/\/sentiers05.fr\/wp-content\/uploads\/2015\/12\/Sentiers-05_PG-3T2019.pdf\" target=\"_blank\" rel=\"noopener\">Programme du 3\u00e8me trimestre 2019<\/a><\/p>\n\n\n\n<p><a href=\"https:\/\/sentiers05.fr\/wp-content\/uploads\/2019\/03\/Sentiers-05_PG-2T2019.pdf\" target=\"_blank\" rel=\"noopener\">Programme du 2\u00e8me trimestre 2019<\/a><\/p>\n\n\n\n<p><a href=\"https:\/\/sentiers05.fr\/wp-content\/uploads\/2015\/12\/Sentiers-05_PG-1T2019.pdf\" target=\"_blank\" rel=\"noopener\">Programme du 1er trimestre 2019<\/a><\/p>\n\n\n\n<p><a href=\"https:\/\/sentiers05.fr\/wp-content\/uploads\/2015\/12\/Sentiers-05_PG-4T2018.pdf\" target=\"_blank\" rel=\"noopener\">Programme du 4\u00e8me trimestre 2018<\/a><\/p>\n\n\n\n<p><a href=\"https:\/\/sentiers05.fr\/wp-content\/uploads\/2018\/06\/Sentiers-05_PG-3T2018.pdf\" target=\"_blank\" rel=\"noopener\">Programme du 3\u00e8me trimestre 2018<\/a><\/p>\n\n\n\n<p><a href=\"https:\/\/sentiers05.fr\/wp-content\/uploads\/2015\/12\/Sentiers-05_PG-2T2018.pdf\" target=\"_blank\" rel=\"noopener\">Programme du 2\u00e8me trimestre 2018<\/a><\/p>\n\n\n\n<p><a href=\"https:\/\/sentiers05.fr\/wp-content\/uploads\/2015\/12\/Sentiers-05_PG-1T2018.pdf\" target=\"_blank\" rel=\"noopener\">Programme du 1er trimestre 2018<\/a><\/p>\n\n\n\n<p><a href=\"https:\/\/sentiers05.fr\/wp-content\/uploads\/2015\/12\/Sentiers-05_PG-4T2017.pdf\" target=\"_blank\" rel=\"noopener\">Programme du 4\u00e8me trimestre 2017<\/a><\/p>\n\n\n\n<p><a href=\"https:\/\/sentiers05.fr\/wp-content\/uploads\/2017\/06\/Sentiers-05_PG2-3T2017-1.pdf\" target=\"_blank\" rel=\"noopener\">Programme du 3\u00e8me trimestre 2017<\/a><\/p>\n\n\n\n<p><a href=\"https:\/\/sentiers05.fr\/wp-content\/uploads\/2017\/03\/Sentiers-05_PG-2T2017.pdf\" target=\"_blank\" rel=\"noopener\">Programme du 2\u00e8me trimestre 2017<\/a><\/p>\n\n\n\n<p><a href=\"https:\/\/sentiers05.fr\/wp-content\/uploads\/2015\/12\/Sentiers-05_PG-1T2017.pdf\" target=\"_blank\" rel=\"noopener\">Programme du 1er trimestre 2017<\/a><\/p>\n\n\n\n<p><a href=\"https:\/\/sentiers05.fr\/wp-content\/uploads\/2015\/12\/Sentiers-05_PG-4T2016.pdf\" target=\"_blank\" rel=\"noopener\">Programme du 4\u00e8me trimestre 2016<\/a><\/p>\n\n\n\n<p><a href=\"https:\/\/sentiers05.fr\/wp-content\/uploads\/2016\/06\/Sentiers-05_PG-3T2016.pdf\" target=\"_blank\" rel=\"noopener\">Programme du 3\u00e8me trimestre 2016<\/a><\/p>\n\n\n\n<p><a href=\"https:\/\/sentiers05.fr\/wp-content\/uploads\/2016\/03\/2016-2-Sentiers-05_PG.pdf\" target=\"_blank\" rel=\"noopener\">Programme du 2\u00e8me trimestre 2016<\/a><\/p>\n\n\n\n<p><a href=\"https:\/\/sentiers05.fr\/wp-content\/uploads\/2016\/04\/Sentiers-05_PG-1T2016_WEB.pdf\" target=\"_blank\" rel=\"noopener\">Programme du 1er trimestre 2016<\/a><\/p>\n\n\n\n<p><a href=\"https:\/\/sentiers05.fr\/wp-content\/uploads\/2016\/04\/Sentiers-05_PG-4T2015_WEB.pdf\" target=\"_blank\" rel=\"noopener\">Programme du 4\u00e8me trimestre 2015<\/a><\/p>\n\n\n\n<p><a href=\"https:\/\/sentiers05.fr\/wp-content\/uploads\/2016\/04\/Sentiers-05_PG-3T2015_WEB.pdf\" target=\"_blank\" rel=\"noopener\">Programme du 3\u00e8me trimestre 2015<\/a><\/p>\n\n\n\n<p><a href=\"https:\/\/sentiers05.fr\/wp-content\/uploads\/2016\/04\/Sentiers-05_PG-2T2015_WEB.pdf\" target=\"_blank\" rel=\"noopener\">Programme du 2\u00e8me trimestre 2015<\/a><\/p>\n\n\n\n<p><a href=\"https:\/\/sentiers05.fr\/wp-content\/uploads\/2016\/04\/Sentiers-05_PG-1T2015_WEB.pdf\" target=\"_blank\" rel=\"noopener\">Programme du 1er trimestre 2015<\/a><\/p>\n\n\n\n<p><a href=\"https:\/\/sentiers05.fr\/wp-content\/uploads\/2016\/04\/Sentiers-05_PG-4T2014_WEB.pdf\" target=\"_blank\" rel=\"noopener\">Programme du 4\u00e8me trimestre 2014<\/a><\/p>\n\n\n\n<p><a href=\"https:\/\/sentiers05.fr\/wp-content\/uploads\/2016\/04\/Sentiers-05_PG-3T2014_WEB.pdf\" target=\"_blank\" rel=\"noopener\">Programme du 3\u00e8me trimestre 2014<\/a><\/p>\n\n\n\n<p><a href=\"https:\/\/sentiers05.fr\/wp-content\/uploads\/2016\/04\/Sentiers-05_PG-2T2014_WEB.pdf\" target=\"_blank\" rel=\"noopener\">Programme du 2\u00e8me trimestre 2014<\/a><\/p>\n\n\n\n<p><a href=\"https:\/\/sentiers05.fr\/wp-content\/uploads\/2016\/04\/Sentiers-05_PG-1T2014_WEB.pdf\" target=\"_blank\" rel=\"noopener\">Programme du 1er trimestre 2014<\/a><\/p>\n\n\n\n<p><a href=\"https:\/\/sentiers05.fr\/wp-content\/uploads\/2016\/04\/Sentiers-05_PG-4T2013_WEB.pdf\" target=\"_blank\" rel=\"noopener\">Programme du 4\u00e8me trimestre 2013<\/a><\/p>\n\n\n\n<p><a href=\"https:\/\/sentiers05.fr\/wp-content\/uploads\/2016\/04\/Sentiers-05_PG-3T2013_WEB.pdf\" target=\"_blank\" rel=\"noopener\">Programme du 3\u00e8me trimestre 2013<\/a><\/p>\n\n\n\n<p><a href=\"https:\/\/sentiers05.fr\/wp-content\/uploads\/2016\/04\/Sentiers-05_PG-2T2013_WEB.pdf\" target=\"_blank\" rel=\"noopener\">Programme du 2\u00e8me trimestre 2013<\/a><\/p>\n\n\n\n<p><a href=\"https:\/\/sentiers05.fr\/wp-content\/uploads\/2016\/04\/Sentiers-05_PG-1T2013_WEB.pdf\" target=\"_blank\" rel=\"noopener\">Programme du 1er trimestre 2013<\/a><\/p>\n\n\n\n<p><a href=\"https:\/\/sentiers05.fr\/wp-content\/uploads\/2016\/04\/Sentiers-05_PG-4T2012_WEB.pdf\" target=\"_blank\" rel=\"noopener\">Programme du 4\u00e8me trimestre 2012<\/a><\/p>\n\n\n\n<p><a href=\"https:\/\/sentiers05.fr\/wp-content\/uploads\/2016\/04\/Sentiers-05_PG-3T2012_WEB.pdf\" target=\"_blank\" rel=\"noopener\">Programme du 3\u00e8me trimestre 2012<\/a><\/p>\n\n\n\n<p><a href=\"https:\/\/sentiers05.fr\/wp-content\/uploads\/2016\/04\/Sentiers-05_PG-2T2012_WEB.pdf\" target=\"_blank\" rel=\"noopener\">Programme du 2\u00e8me trimestre 2012<\/a><\/p>\n\n\n\n<p><a href=\"https:\/\/sentiers05.fr\/wp-content\/uploads\/2016\/04\/Sentiers-05_PG-1T2012_WEB.pdf\" target=\"_blank\" rel=\"noopener\">Programme du 1er trimestre 2012<\/a><\/p>\n","protected":false},"excerpt":{"rendered":"<p>Programme 1er trimestre 2026 Programme 4\u00e8me trimestre 2025 Programme 3\u00e8me Trimestre 2025 Programme 2\u00e8me trimestre 2025 Programme 1er trimestre 2025 Programme 4\u00e8me trimestre 2024 Programme 3\u00e8me trimestre 2024 Programme 2\u00e8me trimestre 2024 Programme 1er trimestre 2024 Programme 4\u00e8me trimestre 2023 Programme 3\u00e8me trimestre 2023 Programme 2\u00e8me trimestre 2023 Programme 1er trimestre 2023 Programme du 4\u00e8me &hellip; <a href=\"https:\/\/sentiers05.fr\/index.php\/programmes-des-sorties\/anciens-programmes\/\" class=\"more-link\">Continuer la lecture<span class=\"screen-reader-text\"> de &laquo;&nbsp;Anciens programmes&nbsp;&raquo;<\/span><\/a><\/p>\n","protected":false},"author":2,"featured_media":0,"parent":13,"menu_order":0,"comment_status":"closed","ping_status":"closed","template":"","meta":{"footnotes":""},"class_list":["post-177","page","type-page","status-publish","hentry"],"_links":{"self":[{"href":"https:\/\/sentiers05.fr\/index.php\/wp-json\/wp\/v2\/pages\/177","targetHints":{"allow":["GET"]}}],"collection":[{"href":"https:\/\/sentiers05.fr\/index.php\/wp-json\/wp\/v2\/pages"}],"about":[{"href":"https:\/\/sentiers05.fr\/index.php\/wp-json\/wp\/v2\/types\/page"}],"author":[{"embeddable":true,"href":"https:\/\/sentiers05.fr\/index.php\/wp-json\/wp\/v2\/users\/2"}],"replies":[{"embeddable":true,"href":"https:\/\/sentiers05.fr\/index.php\/wp-json\/wp\/v2\/comments?post=177"}],"version-history":[{"count":50,"href":"https:\/\/sentiers05.fr\/index.php\/wp-json\/wp\/v2\/pages\/177\/revisions"}],"predecessor-version":[{"id":16040,"href":"https:\/\/sentiers05.fr\/index.php\/wp-json\/wp\/v2\/pages\/177\/revisions\/16040"}],"up":[{"embeddable":true,"href":"https:\/\/sentiers05.fr\/index.php\/wp-json\/wp\/v2\/pages\/13"}],"wp:attachment":[{"href":"https:\/\/sentiers05.fr\/index.php\/wp-json\/wp\/v2\/media?parent=177"}],"curies":[{"name":"wp","href":"https:\/\/api.w.org\/{rel}","templated":true}]}}