{"id":14558,"date":"2026-01-04T16:24:25","date_gmt":"2026-01-04T15:24:25","guid":{"rendered":"https:\/\/sentiers05.fr\/?page_id=14558"},"modified":"2026-01-04T16:24:26","modified_gmt":"2026-01-04T15:24:26","slug":"mentions-legales","status":"publish","type":"page","link":"https:\/\/sentiers05.fr\/index.php\/mentions-legales\/","title":{"rendered":"Mentions l\u00e9gales"},"content":{"rendered":"\n<p>Le pr\u00e9sent Site&nbsp;<a href=\"https:\/\/antibesrando.fr\/\">Sentiers05.fr<\/a>&nbsp;est la propri\u00e9t\u00e9 exclusive de Sentiers05, association loi 1901, dont le si\u00e8ge social est situ\u00e9 \u00e0 la Mairie de Romette (05000)&nbsp;&nbsp;&nbsp;&nbsp;&nbsp;&nbsp;&nbsp;&nbsp;<\/p>\n\n\n\n<p>Email :\u00a0contactsentiers05@sentiers05.fr<br>T\u00e9l. : 06 75 51 93 89<br>N\u00b0 SIRET :  502 528 425 00031<br><br>Affili\u00e9e \u00e0 la F\u00e9d\u00e9ration Fran\u00e7aise de la Randonn\u00e9e P\u00e9destre sous le n\u00b0 05539.<\/p>\n\n\n\n<p>Adh\u00e9rente \u00e0 l\u2019Office Municipal des Sports de Gap.<\/p>\n\n\n\n<p><strong>Directeur de la publication<br><\/strong>Patrick DOLLE, Pr\u00e9sident<\/p>\n\n\n\n<p><strong>Administrateur du site<\/strong><br>Patrick DOLLE<br><br><strong>H\u00e9bergement du site<\/strong><br>OVH SAS<br>2, rue Kellermann \u2013 59053 Roubaix Cedex 1 \u2013 France<br><a href=\"https:\/\/www.ovh.com\/fr\/\">https:\/\/www.ovh.com\/fr\/<\/a><\/p>\n","protected":false},"excerpt":{"rendered":"<p>Le pr\u00e9sent Site&nbsp;Sentiers05.fr&nbsp;est la propri\u00e9t\u00e9 exclusive de Sentiers05, association loi 1901, dont le si\u00e8ge social est situ\u00e9 \u00e0 la Mairie de Romette (05000)&nbsp;&nbsp;&nbsp;&nbsp;&nbsp;&nbsp;&nbsp;&nbsp; Email :\u00a0contactsentiers05@sentiers05.frT\u00e9l. : 06 75 51 93 89N\u00b0 SIRET : 502 528 425 00031 Affili\u00e9e \u00e0 la F\u00e9d\u00e9ration Fran\u00e7aise de la Randonn\u00e9e P\u00e9destre sous le n\u00b0 05539. Adh\u00e9rente \u00e0 l\u2019Office Municipal des &hellip; <a href=\"https:\/\/sentiers05.fr\/index.php\/mentions-legales\/\" class=\"more-link\">Continuer la lecture<span class=\"screen-reader-text\"> de &laquo;&nbsp;Mentions l\u00e9gales&nbsp;&raquo;<\/span><\/a><\/p>\n","protected":false},"author":1,"featured_media":0,"parent":0,"menu_order":0,"comment_status":"closed","ping_status":"closed","template":"","meta":{"footnotes":""},"class_list":["post-14558","page","type-page","status-publish","hentry"],"_links":{"self":[{"href":"https:\/\/sentiers05.fr\/index.php\/wp-json\/wp\/v2\/pages\/14558","targetHints":{"allow":["GET"]}}],"collection":[{"href":"https:\/\/sentiers05.fr\/index.php\/wp-json\/wp\/v2\/pages"}],"about":[{"href":"https:\/\/sentiers05.fr\/index.php\/wp-json\/wp\/v2\/types\/page"}],"author":[{"embeddable":true,"href":"https:\/\/sentiers05.fr\/index.php\/wp-json\/wp\/v2\/users\/1"}],"replies":[{"embeddable":true,"href":"https:\/\/sentiers05.fr\/index.php\/wp-json\/wp\/v2\/comments?post=14558"}],"version-history":[{"count":1,"href":"https:\/\/sentiers05.fr\/index.php\/wp-json\/wp\/v2\/pages\/14558\/revisions"}],"predecessor-version":[{"id":14559,"href":"https:\/\/sentiers05.fr\/index.php\/wp-json\/wp\/v2\/pages\/14558\/revisions\/14559"}],"wp:attachment":[{"href":"https:\/\/sentiers05.fr\/index.php\/wp-json\/wp\/v2\/media?parent=14558"}],"curies":[{"name":"wp","href":"https:\/\/api.w.org\/{rel}","templated":true}]}}